ivisor of 414008 and 125608?
56
Calculate the greatest common divisor of 55 and 11283602.
11
What is the highest common divisor of 10704 and 16491296?
3568
Calculate the highest common factor of 535058 and 79798.
34
Calculate the greatest common factor of 1306235 and 987.
7
What is the highest common factor of 376891841 and 47876?
11969
Calculate the highest common factor of 240 and 51305370.
30
What is the greatest common divisor of 1555 and 1261727?
311
Calculate the highest common divisor of 3047 and 4796.
11
Calculate the greatest common factor of 5940306 and 72.
18
What is the greatest common divisor of 154267536 and 61?
61
Calculate the greatest common divisor of 1765853 and 7.
1
Calculate the greatest common factor of 924 and 556540908.
924
What is the greatest common divisor of 2829 and 265121?
23
Calculate the highest common factor of 10411 and 2059.
29
What is the highest common divisor of 1520 and 635455?
95
Calculate the highest common factor of 42 and 393386574.
42
What is the greatest common divisor of 561 and 2356827?
33
Calculate the highest common divisor of 13 and 1189859281.
13
What is the greatest common divisor of 5999500 and 1846?
1846
What is the greatest common factor of 925572667 and 17?
17
What is the greatest common divisor of 379 and 352535567?
379
What is the highest common factor of 988825 and 415?
5
Calculate the greatest common factor of 965450 and 185.
5
What is the highest common factor of 335502 and 45657?
513
Calculate the greatest common factor of 795 and 22230267.
159
Calculate the greatest common factor of 695730928 and 2216.
2216
Calculate the greatest common factor of 1851073 and 6993.
259
Calculate the highest common divisor of 3300 and 580933100.
1100
Calculate the greatest common factor of 581746 and 122078.
682
Calculate the highest common factor of 92 and 34608997.
23
Calculate the greatest common factor of 34423 and 16379413.
1187
Calculate the highest common factor of 428 and 3290036.
428
What is the highest common factor of 19494 and 15764148?
6498
What is the greatest common factor of 212401 and 4074?
7
Calculate the greatest common divisor of 811776 and 90048.
1344
What is the greatest common factor of 3392 and 203904?
64
Calculate the greatest common divisor of 81254910 and 1980.
330
What is the highest common divisor of 962220 and 4780650?
6090
What is the greatest common divisor of 264315876 and 16324?
2332
What is the highest common divisor of 1183662 and 36?
18
Calculate the greatest common factor of 135613686 and 319.
29
Calculate the highest common divisor of 1334615250 and 1380.
690
What is the highest common divisor of 39349320 and 115?
115
Calculate the highest common divisor of 33449 and 5025007.
403
What is the greatest common divisor of 120900 and 2054?
26
Calculate the greatest common divisor of 954 and 842526.
18
What is the highest common factor of 2782 and 396871774?
2782
Calculate the highest common factor of 2340 and 111069582.
78
What is the highest common divisor of 167300024 and 8?
8
What is the highest common factor of 289990386 and 61642?
8806
What is the greatest common divisor of 1184 and 5071072?
1184
What is the greatest common factor of 181252 and 812827?
401
Calculate the greatest common divisor of 323194 and 212.
106
Calculate the greatest common divisor of 16320 and 41278080.
960
What is the greatest common factor of 12397 and 93480464?
1771
What is the greatest common divisor of 1253511 and 642663?
6363
What is the highest common divisor of 698911 and 386900?
53
Calculate the greatest common factor of 257936852 and 4.
4
Calculate the highest common divisor of 201403584 and 84.
12
Calculate the highest common factor of 7002884 and 196.
196
Calculate the highest common factor of 11145 and 13903759.
743
What is the greatest common factor of 3 and 1385433?
3
Calculate the greatest common factor of 5680 and 5984590.
710
Calculate the highest common factor of 159384711 and 57.
57
Calculate the highest common factor of 2046 and 34432630.
62
Calculate the greatest common factor of 829044098 and 3064.
766
Calculate the greatest common divisor of 27048 and 21778056.
552
What is the highest common factor of 680 and 1144360?
40
Calculate the greatest common divisor of 155502144 and 576.
576
Calculate the highest common divisor of 3802340 and 2788.
164
What is the highest common factor of 20955 and 132969?
381
Calculate the greatest common divisor of 14705976 and 656.
8
What is the highest common factor of 147470 and 570?
10
Calculate the highest common factor of 3096 and 1228725.
387
What is the highest common factor of 5285 and 10234385?
35
Calculate the greatest common factor of 896 and 19768576.
128
What is the highest common divisor of 162 and 1183566?
6
Calculate the greatest common factor of 525862179 and 6063.
6063
Calculate the greatest common divisor of 143 and 63824189.
143
Calculate the highest common divisor of 9707925 and 60.
15
What is the highest common divisor of 250206 and 8313?
51
Calculate the greatest common divisor of 49556219 and 106.
53
What is the greatest common factor of 19744 and 36416?
32
What is the highest common factor of 1293380 and 132?
44
What is the greatest common divisor of 2135 and 15165?
5
Calculate the greatest common factor of 9873237 and 1089.
363
Calculate the greatest common factor of 52805 and 49225.
895
What is the greatest common divisor of 13892 and 155482737?
3473
Calculate the highest common divisor of 248565800 and 1032.
344
What is the greatest common divisor of 301697620 and 100?
20
Calculate the highest common divisor of 13216763 and 4445.
889
Calculate the highest common factor of 2296 and 11848.
8
What is the highest common factor of 10022330 and 18880?
590
What is the highest common factor of 143 and 129590747?
143
Calculate the highest common divisor of 295403 and 670.
67
Calculate the greatest common factor of 401424994 and 971.
971
What is the greatest common factor of 13235144 and 520?
104
Calculate the greatest common divisor of 165908 and 261193.
1121
Calculate the highest common divisor of 2263440 and 480.
240
What is the greatest common divisor of 614955 and 495?
165
Calculate the greatest common factor of 362182 and 10246.
94
What is the greatest common divisor of 247185525 and 15?
15
What is the highest common divisor of 3624 and 158443696?
1208
Calculate the highest common factor of 21 and 3655393.
7
Calculate the highest common divisor of 481 and 16828303.
37
What is the highest common divisor of 20688 and 2616?
24
Calculate the greatest common divisor of 74881622 and 14288.
1786
Calculate the greatest common factor of 44482683 and 301.
301
Calculate the greatest common factor of 1801042 and 25833.
79
Calculate the greatest common divisor of 749 and 126028.
7
What is the greatest common divisor of 58850019 and 18?
9
Calculate the greatest common factor of 7937698 and 3707.
337
What is the highest common factor of 24 and 156942510?
6
Calculate the highest common divisor of 7092 and 105408.
36
What is the greatest common divisor of 588217 and 88417?
119
Calculate the greatest common factor of 120990 and 268842.
222
What is the highest common divisor of 15182 and 2958?
2
What is the highest common divisor of 8438 and 1633402726?
8438
Calculate the greatest common divisor of 1386995 and 19424.
607
Calculate the highest common divisor of 235182000 and 114.
114
Calculate the greatest common factor of 15042329 and 464.
29
What is the highest common factor of 26512632 and 396?
36
What is the greatest common factor of 808 and 252728?
8
What is the highest common divisor of 34872 and 158856?
24
What is the highest common divisor of 32749326 and 72?
18
Calculate the greatest common divisor of 25256 and 1035034.
154
What is the greatest common divisor of 27448155 and 395?
395
Calculate the highest common factor of 93348 and 9104023.
2593
What is the greatest common factor of 60996816 and 272?
272
Calculate the greatest common factor of 7147 and 46872.
7
Calculate the highest common factor of 64991072 and 27872.
2144
Calculate the greatest common divisor of 263825 and 5185.
305
What is the highest common divisor of 553728 and 1516263?
2163
What is the greatest common factor of 740 and 65920?
20
Calculate the high